{"id":1600,"date":"2018-04-12T11:37:38","date_gmt":"2018-04-12T09:37:38","guid":{"rendered":"https:\/\/confluences-melodie.com\/?page_id=1600"},"modified":"2018-04-16T11:21:40","modified_gmt":"2018-04-16T09:21:40","slug":"the-artists","status":"publish","type":"page","link":"https:\/\/confluences-melodie.com\/index.php\/en\/the-artists\/","title":{"rendered":"The Artists"},"content":{"rendered":"<p>[et_pb_section fb_built=\u00a0\u00bb1&Prime; disabled_on=\u00a0\u00bbon|on|off\u00a0\u00bb _builder_version=\u00a0\u00bb3.0.82&Prime; background_image=\u00a0\u00bbhttps:\/\/confluences-melodie.com\/wp-content\/uploads\/2017\/11\/Retouche\u0301-5-e1509969670938.jpg\u00a0\u00bb custom_padding=\u00a0\u00bb409px|0px|0px|0px\u00a0\u00bb][et_pb_row custom_padding=\u00a0\u00bb0px|0px|135px|0px\u00a0\u00bb _builder_version=\u00a0\u00bb3.0.82&Prime;][et_pb_column type=\u00a0\u00bb4_4&Prime; _builder_version=\u00a0\u00bb3.0.47&Prime; parallax=\u00a0\u00bboff\u00a0\u00bb parallax_method=\u00a0\u00bbon\u00a0\u00bb][et_pb_divider _builder_version=\u00a0\u00bb3.0.82&Prime;]<\/p>\n<p>\u00a0<\/p>\n<p>[\/et_pb_divider][\/et_pb_column][\/et_pb_row][\/et_pb_section][et_pb_section fb_built=\u00a0\u00bb1&Prime; _builder_version=\u00a0\u00bb3.0.47&Prime; custom_padding=\u00a0\u00bb49.2344px|0px|26px|0px\u00a0\u00bb][et_pb_row custom_padding=\u00a0\u00bb0px|0px|55px|0px\u00a0\u00bb _builder_version=\u00a0\u00bb3.0.82&Prime; animation_style=\u00a0\u00bbfade\u00a0\u00bb][et_pb_column type=\u00a0\u00bb1_3&Prime; _builder_version=\u00a0\u00bb3.0.47&Prime; parallax=\u00a0\u00bboff\u00a0\u00bb parallax_method=\u00a0\u00bbon\u00a0\u00bb][et_pb_divider _builder_version=\u00a0\u00bb3.0.82&Prime;]<\/p>\n<p>\u00a0<\/p>\n<p>[\/et_pb_divider][et_pb_divider _builder_version=\u00a0\u00bb3.0.82&Prime;]<\/p>\n<p>\u00a0<\/p>\n<p>[\/et_pb_divider][et_pb_image src=\u00a0\u00bbhttps:\/\/confluences-melodie.com\/wp-content\/uploads\/2017\/10\/benjamin-alunni-confluences.png\u00a0\u00bb align=\u00a0\u00bbcenter\u00a0\u00bb _builder_version=\u00a0\u00bb3.0.82&Prime;]<\/p>\n<p>\u00a0<\/p>\n<p>[\/et_pb_image][et_pb_divider disabled_on=\u00a0\u00bbon|on|off\u00a0\u00bb _builder_version=\u00a0\u00bb3.0.82&Prime;]<\/p>\n<p>\u00a0<\/p>\n<p>[\/et_pb_divider][et_pb_divider disabled_on=\u00a0\u00bbon|on|off\u00a0\u00bb _builder_version=\u00a0\u00bb3.0.82&Prime;]<\/p>\n<p>\u00a0<\/p>\n<p>[\/et_pb_divider][\/et_pb_column][et_pb_column type=\u00a0\u00bb2_3&Prime; _builder_version=\u00a0\u00bb3.0.47&Prime; parallax=\u00a0\u00bboff\u00a0\u00bb parallax_method=\u00a0\u00bbon\u00a0\u00bb][et_pb_text _builder_version=\u00a0\u00bb3.0.82&Prime; text_orientation=\u00a0\u00bbjustified\u00a0\u00bb module_alignment=\u00a0\u00bbjustified\u00a0\u00bb]<\/p>\n<h2><span style=\"color: #910942;\"><strong>Benjamin Alunni<\/strong> <\/span><em>Tenor<\/em><\/h2>\n<p>In December 2017, Benjamin Alunni released his first solo album, in association with the pianist Marine Thoreau la Salle and the cellist Lydia Shelley from the Quatuor Voce. Confluence{s} is a double album of French <em>m\u00e9lodies<\/em> of Jewish inspiration. This recording and its accompanying research were noticed for their originality and their unearthing of a previously undiscovered musical heritage.<\/p>\n<p>After studying with Pierre Mervant and Gerda Hartman at the Conservatoire National Sup\u00e9rieur de Musique et de Danse de Paris, Benjamin obtained a masters\u2019 degree from the Norges Musikkh\u00f8gskole in Oslo, in the class of Hak\u00e5n Hageg\u00e5rd and Svein Bj\u00f8rk\u00f8j. He attended master classes with Malcolm King, Yvonne Minton, Philippe Huttenlocher and Nathalie Stutzmann, Eric Schneider, Helmut Deutsch and took part in the Liedforum of the Universit\u00e4t der K\u00fcnste in Berlin\u2026<\/p>\n<p>He performed with various ensembles in France and abroad : at the Th\u00e9\u00e2tre Imp\u00e9rial in Compi\u00e8gne and several times at the Op\u00e9ra Comique, under the direction of the Franco-American conductor William Christie in J.B. Lully\u2019s <em>Atys<\/em> and M.A. Charpentier\u2019s <em>David et Jonathas<\/em>. He also performed at the Op\u00e9ra de Bordeaux, the Op\u00e9ra Royal de Versailles, the Edinburgh Festival, the Bruxels Bozar, in Barcelona, Utrecht, the Lincoln Center and the BAM in New-York, as well as in Paris at the Th\u00e9\u00e2tre des Champs Elys\u00e9es with Edita Gruberova\u2026<\/p>\n<p>Once he became a tenor, he sang the part of the son in Poulenc\u2019s <em>Les Mamelles de Tir\u00e9sias<\/em> (Festival of Aix-en-Provence, the Th\u00e9\u00e2tre de La Monnaie in Brussels, the Op\u00e9ra de Nancy) as well as in Viktor Ullmann\u2019s <em>Der Kaiser von<\/em> Atlantis and Monteverdi\u2019s <em>Orfeo<\/em> at the Opera house of Dijon.<\/p>\n<p>Passionate about contemporary music, he sang the part of Ulysses in Frederico Gardella\u2019s <em>Sir\u00e8nes<\/em> (Royaumont, ARCAL), then participated in the \u201cVoix Nouvelles\u201d programme with Brian Ferneyhough (Royaumont), for whom he created two new pieces with the Namascae Lemanic Modern Ensemble conducted by Elena Schwartz a music composed by Mithatcan \u00d6cal young and talented composer from Turkey. He sang the part of the Gardener for the premiere of <em>Wonderful Deluxe<\/em> by Brice Pauset (Operadagen Rotterdam, Th\u00e9\u00e2tre de la ville de Luxembourg.), Lui in D\u00e9sarm\u00e9 by the Greek composer Alexandros Markeas. He also premiered music by Samy Moussa for <em>Sick Rose<\/em> at Festival d\u2019Art Lyrique d\u2019Aix-en-provence, with Olivier Mellano and David-Fran\u00e7ois Moreau, two composers dedicated to theatre and contemporary dance.<\/p>\n<p>In <em>La Jeune fille et la Mort<\/em> (Death and the Maiden) he sang and danced in a creation of the choreographer Thomas Lebrun (Centre Chor\u00e9graphique National de Tours) at the Palais Chaillot. With Lebrun, he later created, for the 2014 Avignon Festival, the <em>Lied Ballet<\/em>, which was followed by a worldwide tour. He has continued to collaborate with choreographers since.<\/p>\n<p class=\"p1\">Benjamin Alunni was awarded the Honour Prize of the Saints-Anges works and the Prize of the friends of the Aix-en-Provence Festival.<\/p>\n<p>[\/et_pb_text][\/et_pb_column][\/et_pb_row][et_pb_row custom_padding=\u00a0\u00bb0px|0px|0px|0px\u00a0\u00bb disabled_on=\u00a0\u00bbon|on|\u00a0\u00bb _builder_version=\u00a0\u00bb3.0.82&Prime; animation_style=\u00a0\u00bbfade\u00a0\u00bb][et_pb_column type=\u00a0\u00bb2_3&Prime; _builder_version=\u00a0\u00bb3.0.47&Prime; parallax=\u00a0\u00bboff\u00a0\u00bb parallax_method=\u00a0\u00bbon\u00a0\u00bb][et_pb_text _builder_version=\u00a0\u00bb3.0.82&Prime; text_orientation=\u00a0\u00bbjustified\u00a0\u00bb module_alignment=\u00a0\u00bbjustified\u00a0\u00bb]<\/p>\n<h2><span style=\"color: #910942;\"><strong>Marine Thoreau La Salle<\/strong> <\/span><em>Pianist<\/em><\/h2>\n<p><strong>Marine Thoreau La Salle<\/strong> is training at the Conservatoire National Sup\u00e9rieur de Musique et de Danse de Paris (CNSMDP). She received training in \u00ab\u00a0Lied\u00a0\u00bb and French melody, first from Anne Grappotte, then from Anne Le Bozec, Emmanuel Olivier, and Jeff Cohen, and won 1st prize with high-class honors unanimously in June 2007. She then completed her training in opera repertoire under the tutorship of Erika Guiomar and Nathalie Dang and won in June 2009 a unanimous 1st prize with high-class honors and congratulations of the jury. She was also advised by Hartmut H\u00f6ll, Susan Manoff, Janine Reiss, and participated in 2006 in the European Lied Forum in Berlin, and, in 2008, in the masterclass series \u201cThe art of vocal accompaniment\u201d, given at the Mus\u00e9e d\u2019Orsay by Julius Drake, Roger Vignoles, and Micka\u00ebl Levinas.<\/p>\n<p>Marine Thoreau La Salle is regularly invited to perform in piano-vocal recitals and for various chamber music training courses (Op\u00e9ra Comique-Paris, Jeunes Talents aux Archives Nationales- H\u00f4tel de Soubise Paris, Centre tch\u00e8que-Paris, Festival des Nouveaux Talents-Villers-sur-Mer, Soir\u00e9es Lyriques de Gigondas, Acad\u00e9mie Ravel &#8211; Saint-Jean-de-Luz, Concerts de midi de la Sorbonne, Festival 1000 sources et Dordogne, Semaine du Son, Sc\u00e8ne nationale de Dunkerque, etc.).<\/p>\n<p>In 2009, she accompanied the soprano Isabelle Poulenard during her Middle-East recital tour and recorded an album of 20th-century melodies and Lieder related to Asia, with the Taiwanese soprano Li-Chin Huang. In 2010, she recoreded with France Culture alongside the contralto Marie-Nicole Lemieux and performed at the Th\u00e9\u00e2tre des Champs-Elys\u00e9es with the musicians of the Orchestre Lamoureux for the concert \u201cCarte blanche \u00e0 Agn\u00e8s Jaoui\u201d. In 2013, she could be heard on France Musique with the mezzo-soprano Marie Lenormand.<\/p>\n<p>Marine Thoreau La Salle is also a vocal coach, working on numerous productions at the Th\u00e9\u00e2tre de l\u2019Op\u00e9ra Comique de Paris, the Grand th\u00e9\u00e2tre de Gen\u00e8ve, the Th\u00e9\u00e2tre du Ch\u00e2telet, the Th\u00e9\u00e2tre des Champs-Elys\u00e9es, etc. Since 2012, she has been a pianist-vocal coach at the Th\u00e9\u00e2tre National de l\u2019Op\u00e9ra Comique in Paris and supervises the Academie singers on a daily basis. In this capacity, she participates in a series of recitals at the Foyer du Th\u00e9\u00e2tre et Salle Favart, takes part in its productions and provides the preparation and accompaniment of Christiane Eda-Pierre\u2019s masterclasses.<\/p>\n<p class=\"p1\">Marine Thoreau La Salle is often sollicited by first-rank vocal soloists in the course of their role studies.<\/p>\n<p>&nbsp;<\/p>\n<p>[\/et_pb_text][\/et_pb_column][et_pb_column type=\u00a0\u00bb1_3&Prime; _builder_version=\u00a0\u00bb3.0.47&Prime; parallax=\u00a0\u00bboff\u00a0\u00bb parallax_method=\u00a0\u00bbon\u00a0\u00bb][et_pb_divider _builder_version=\u00a0\u00bb3.0.82&Prime;]<\/p>\n<p>\u00a0<\/p>\n<p>[\/et_pb_divider][et_pb_divider _builder_version=\u00a0\u00bb3.0.82&Prime;]<\/p>\n<p>\u00a0<\/p>\n<p>[\/et_pb_divider][et_pb_image src=\u00a0\u00bbhttps:\/\/confluences-melodie.com\/wp-content\/uploads\/2017\/10\/artiste-confluences2.png\u00a0\u00bb align=\u00a0\u00bbcenter\u00a0\u00bb _builder_version=\u00a0\u00bb3.0.82&Prime;]<\/p>\n<p>\u00a0<\/p>\n<p>[\/et_pb_image][et_pb_divider _builder_version=\u00a0\u00bb3.0.82&Prime;]<\/p>\n<p>\u00a0<\/p>\n<p>[\/et_pb_divider][\/et_pb_column][\/et_pb_row][et_pb_row custom_padding=\u00a0\u00bb55px|0px|0px|0px\u00a0\u00bb _builder_version=\u00a0\u00bb3.0.82&Prime; animation_style=\u00a0\u00bbfade\u00a0\u00bb][et_pb_column type=\u00a0\u00bb1_3&Prime; _builder_version=\u00a0\u00bb3.0.47&Prime; parallax=\u00a0\u00bboff\u00a0\u00bb parallax_method=\u00a0\u00bbon\u00a0\u00bb][et_pb_divider disabled_on=\u00a0\u00bbon|on|off\u00a0\u00bb _builder_version=\u00a0\u00bb3.0.82&Prime;]<\/p>\n<p>\u00a0<\/p>\n<p>[\/et_pb_divider][et_pb_divider disabled_on=\u00a0\u00bbon|on|off\u00a0\u00bb _builder_version=\u00a0\u00bb3.0.82&Prime;]<\/p>\n<p>\u00a0<\/p>\n<p>[\/et_pb_divider][et_pb_image src=\u00a0\u00bbhttps:\/\/confluences-melodie.com\/wp-content\/uploads\/2017\/10\/Lydia-1.jpg\u00a0\u00bb align=\u00a0\u00bbcenter\u00a0\u00bb _builder_version=\u00a0\u00bb3.0.82&Prime;]<\/p>\n<p>\u00a0<\/p>\n<p>[\/et_pb_image][et_pb_divider disabled_on=\u00a0\u00bbon|on|off\u00a0\u00bb _builder_version=\u00a0\u00bb3.0.82&Prime;]<\/p>\n<p>\u00a0<\/p>\n<p>[\/et_pb_divider][\/et_pb_column][et_pb_column type=\u00a0\u00bb2_3&Prime; _builder_version=\u00a0\u00bb3.0.47&Prime; parallax=\u00a0\u00bboff\u00a0\u00bb parallax_method=\u00a0\u00bbon\u00a0\u00bb][et_pb_text _builder_version=\u00a0\u00bb3.0.82&Prime; text_orientation=\u00a0\u00bbjustified\u00a0\u00bb module_alignment=\u00a0\u00bbjustified\u00a0\u00bb]<\/p>\n<h2><span style=\"color: #b8175a;\"><span style=\"color: #910942;\"><strong>Lydia Shelley<\/strong><\/span>\u00a0<\/span><em>Cellist<\/em><\/h2>\n<p>Originally from London, <strong>Lydia Shelley <\/strong>started the cello aged seven with Eileen Croxford. From 2002 to 2007 she studied at the Royal Northern College of Music in Manchester in the class of Hannah Roberts, where she was awarded her Bachelor of Music and Diploma of Postgraduate Performance, both with First Class Honours. Passionate about chamber music, she decided to continue her studies at the Royal College of Music with Richard Lester (Florestan Trio), and in 2009 was awarded a Master of Music in Performance again with First Class Honours.<\/p>\n<p>An eclectic musician, she has played with many of the UK\u2019s finest chamber orchestras, such as the Academy of St. Martin in the Fields and the Orchestra of St John\u2019s, as well as the Orchestra of the Age of Enlightenment, with whom she takes particular pleasure in interpreting on classical and baroque cello.<\/p>\n<p>Since 2013 Lydia has been a member of the Paris-based\u00a0<a href=\"https:\/\/www.quatuorvoce.com\/\">Quatuor Voce<\/a>. One of the leading string quartets of their generation, they recently toured the most prestigious halls in Europe thanks to the ECHO organization, which named the quartet as \u2018Rising Stars\u2019 in 2013: Concertgebouw (Amsterdam), Konzerthaus (Vienna), Philharmonie de Luxembourg,\u00a0Barbican (London),\u00a0Elbphilharmonie (Hamburg), Philharmonie de\u00a0Cologne, MUPA (Budapest),\u00a0Gulbenkian (Lisbon), Casa da Musica\u00a0(Porto), BOZAR (Brussels), Megaron (Athens), Town Hall (Birmingham), Cit\u00e9 de la musique (Paris), Konserthuset\u00a0(Stockholm), Konzerthaus\u00a0(Dortmund), Palau de la Musica (Barcelona) and Festspielhaus (Baden Baden).<\/p>\n<p>Open to diverse art forms, their curiosity has lead them to experiment with different forms of concert performance: they frequently give their voice to silent movies from W. F. Murnau to Buster Keaton and have shared their universe with such diverse personalities as the musicologist Bernard Fournier, the singer and guitarist -M-, the choreographer Thomas Lebrun and the Canadian neo-folk singer Kyrie Kristmanson, with whom they released the album \u2018Modern Ruin\u2019 in 2015.<\/p>\n<p>Their recordings of Schubert and Beethoven string quartets and the complete Mozart\u2019s Flute Quartets (with French flautist Juliette Hurel) were met with high critical acclaim by the international press (The Strad, T\u00e9l\u00e9rama, Neue Z\u00fcrcher Zeitung, Diapason, Strings and Bow and Klassieke Zaken). Their most recent release of Brahms and Mozart\u2019s string quintets with violist Lise Berthaud continues their collaboration with Alpha Classics. Lydia lives in Paris and enjoys dressage and working equitation in her spare time.<\/p>\n<p>[\/et_pb_text][\/et_pb_column][\/et_pb_row][\/et_pb_section][et_pb_section fb_built=\u00a0\u00bb1&Prime; _builder_version=\u00a0\u00bb3.0.82&Prime; global_module=\u00a0\u00bb1657&Prime;][et_pb_row custom_padding=\u00a0\u00bb33px|0px|0px|0px\u00a0\u00bb _builder_version=\u00a0\u00bb3.0.47&Prime; background_size=\u00a0\u00bbinitial\u00a0\u00bb background_position=\u00a0\u00bbtop_left\u00a0\u00bb background_repeat=\u00a0\u00bbrepeat\u00a0\u00bb _i=\u00a0\u00bb0&Prime; _address=\u00a0\u00bb2.0&Prime;][et_pb_column type=\u00a0\u00bb4_4&Prime; _builder_version=\u00a0\u00bb3.0.47&Prime; parallax=\u00a0\u00bboff\u00a0\u00bb parallax_method=\u00a0\u00bbon\u00a0\u00bb][et_pb_divider color=\u00a0\u00bb#910942&Prime; show_divider=\u00a0\u00bbon\u00a0\u00bb divider_style=\u00a0\u00bbsolid\u00a0\u00bb divider_position=\u00a0\u00bbtop\u00a0\u00bb _builder_version=\u00a0\u00bb3.0.82&Prime;][\/et_pb_divider][\/et_pb_column][\/et_pb_row][et_pb_row custom_padding=\u00a0\u00bb35px|0px|75.6875px|0px\u00a0\u00bb _builder_version=\u00a0\u00bb3.0.47&Prime; background_size=\u00a0\u00bbinitial\u00a0\u00bb background_position=\u00a0\u00bbtop_left\u00a0\u00bb background_repeat=\u00a0\u00bbrepeat\u00a0\u00bb _i=\u00a0\u00bb1&Prime; _address=\u00a0\u00bb2.1&Prime;][et_pb_column type=\u00a0\u00bb4_4&Prime; _builder_version=\u00a0\u00bb3.0.47&Prime; parallax=\u00a0\u00bboff\u00a0\u00bb parallax_method=\u00a0\u00bbon\u00a0\u00bb][et_pb_text _builder_version=\u00a0\u00bb3.0.82&Prime; text_font=\u00a0\u00bbGeorgia||||\u00a0\u00bb]<\/p>\n<h3 style=\"text-align: center;\"><span style=\"color: #910942;\"><b>Partnerships<\/b><\/span><\/h3>\n<p>[\/et_pb_text][et_pb_image src=\u00a0\u00bbhttps:\/\/confluences-melodie.com\/wp-content\/uploads\/2017\/10\/partenaires-confluences.png\u00a0\u00bb align=\u00a0\u00bbcenter\u00a0\u00bb _builder_version=\u00a0\u00bb3.0.82&Prime; max_width=\u00a0\u00bb70%\u00a0\u00bb module_alignment=\u00a0\u00bbcenter\u00a0\u00bb][\/et_pb_image][\/et_pb_column][\/et_pb_row][\/et_pb_section]<\/p>\n","protected":false},"excerpt":{"rendered":"<p>\u00a0 \u00a0 \u00a0 \u00a0 \u00a0 \u00a0 Benjamin Alunni Tenor In December 2017, Benjamin Alunni released his first solo album, in association with the pianist Marine Thoreau la Salle and the cellist Lydia Shelley from the Quatuor Voce. Confluence{s} is a double album of French m\u00e9lodies of Jewish inspiration. This recording and its accompanying research were [&hellip;]<\/p>\n","protected":false},"author":1,"featured_media":0,"parent":0,"menu_order":0,"comment_status":"closed","ping_status":"closed","template":"","meta":{"_et_pb_use_builder":"on","_et_pb_old_content":"","_et_gb_content_width":"","footnotes":""},"class_list":["post-1600","page","type-page","status-publish","hentry"],"yoast_head":"<!-- This site is optimized with the Yoast SEO plugin v25.6 - https:\/\/yoast.com\/wordpress\/plugins\/seo\/ -->\n<title>Les artistes de Confluence{s} - Passionn\u00e9s de musique<\/title>\n<meta name=\"description\" content=\"Professionnels de musique et reconnus par leur pairs, Benjamin Alunni, Marine Thoreau La Salle et Lydia Shelley sont des artistes accomplis\" \/>\n<meta name=\"robots\" content=\"index, follow, max-snippet:-1, max-image-preview:large, max-video-preview:-1\" \/>\n<link rel=\"canonical\" href=\"https:\/\/confluences-melodie.com\/index.php\/en\/the-artists\/\" \/>\n<meta property=\"og:locale\" content=\"fr_FR\" \/>\n<meta property=\"og:type\" content=\"article\" \/>\n<meta property=\"og:title\" content=\"Les artistes de Confluence{s} - Passionn\u00e9s de musique\" \/>\n<meta property=\"og:description\" content=\"Professionnels de musique et reconnus par leur pairs, Benjamin Alunni, Marine Thoreau La Salle et Lydia Shelley sont des artistes accomplis\" \/>\n<meta property=\"og:url\" content=\"https:\/\/confluences-melodie.com\/index.php\/en\/the-artists\/\" \/>\n<meta property=\"og:site_name\" content=\"Confluences\" \/>\n<meta property=\"article:modified_time\" content=\"2018-04-16T09:21:40+00:00\" \/>\n<meta name=\"twitter:card\" content=\"summary_large_image\" \/>\n<meta name=\"twitter:label1\" content=\"Dur\u00e9e de lecture estim\u00e9e\" \/>\n\t<meta name=\"twitter:data1\" content=\"9 minutes\" \/>\n<script type=\"application\/ld+json\" class=\"yoast-schema-graph\">{\"@context\":\"https:\/\/schema.org\",\"@graph\":[{\"@type\":\"WebPage\",\"@id\":\"https:\/\/confluences-melodie.com\/index.php\/en\/the-artists\/\",\"url\":\"https:\/\/confluences-melodie.com\/index.php\/en\/the-artists\/\",\"name\":\"Les artistes de Confluence{s} - Passionn\u00e9s de musique\",\"isPartOf\":{\"@id\":\"https:\/\/confluences-melodie.com\/#website\"},\"datePublished\":\"2018-04-12T09:37:38+00:00\",\"dateModified\":\"2018-04-16T09:21:40+00:00\",\"description\":\"Professionnels de musique et reconnus par leur pairs, Benjamin Alunni, Marine Thoreau La Salle et Lydia Shelley sont des artistes accomplis\",\"breadcrumb\":{\"@id\":\"https:\/\/confluences-melodie.com\/index.php\/en\/the-artists\/#breadcrumb\"},\"inLanguage\":\"fr-FR\",\"potentialAction\":[{\"@type\":\"ReadAction\",\"target\":[\"https:\/\/confluences-melodie.com\/index.php\/en\/the-artists\/\"]}]},{\"@type\":\"BreadcrumbList\",\"@id\":\"https:\/\/confluences-melodie.com\/index.php\/en\/the-artists\/#breadcrumb\",\"itemListElement\":[{\"@type\":\"ListItem\",\"position\":1,\"name\":\"Accueil\",\"item\":\"https:\/\/confluences-melodie.com\/\"},{\"@type\":\"ListItem\",\"position\":2,\"name\":\"The Artists\"}]},{\"@type\":\"WebSite\",\"@id\":\"https:\/\/confluences-melodie.com\/#website\",\"url\":\"https:\/\/confluences-melodie.com\/\",\"name\":\"Confluences\",\"description\":\"R\u00e9cital pour T\u00e9nor, violoncelle et piano\",\"potentialAction\":[{\"@type\":\"SearchAction\",\"target\":{\"@type\":\"EntryPoint\",\"urlTemplate\":\"https:\/\/confluences-melodie.com\/?s={search_term_string}\"},\"query-input\":{\"@type\":\"PropertyValueSpecification\",\"valueRequired\":true,\"valueName\":\"search_term_string\"}}],\"inLanguage\":\"fr-FR\"}]}<\/script>\n<!-- \/ Yoast SEO plugin. -->","yoast_head_json":{"title":"Les artistes de Confluence{s} - Passionn\u00e9s de musique","description":"Professionnels de musique et reconnus par leur pairs, Benjamin Alunni, Marine Thoreau La Salle et Lydia Shelley sont des artistes accomplis","robots":{"index":"index","follow":"follow","max-snippet":"max-snippet:-1","max-image-preview":"max-image-preview:large","max-video-preview":"max-video-preview:-1"},"canonical":"https:\/\/confluences-melodie.com\/index.php\/en\/the-artists\/","og_locale":"fr_FR","og_type":"article","og_title":"Les artistes de Confluence{s} - Passionn\u00e9s de musique","og_description":"Professionnels de musique et reconnus par leur pairs, Benjamin Alunni, Marine Thoreau La Salle et Lydia Shelley sont des artistes accomplis","og_url":"https:\/\/confluences-melodie.com\/index.php\/en\/the-artists\/","og_site_name":"Confluences","article_modified_time":"2018-04-16T09:21:40+00:00","twitter_card":"summary_large_image","twitter_misc":{"Dur\u00e9e de lecture estim\u00e9e":"9 minutes"},"schema":{"@context":"https:\/\/schema.org","@graph":[{"@type":"WebPage","@id":"https:\/\/confluences-melodie.com\/index.php\/en\/the-artists\/","url":"https:\/\/confluences-melodie.com\/index.php\/en\/the-artists\/","name":"Les artistes de Confluence{s} - Passionn\u00e9s de musique","isPartOf":{"@id":"https:\/\/confluences-melodie.com\/#website"},"datePublished":"2018-04-12T09:37:38+00:00","dateModified":"2018-04-16T09:21:40+00:00","description":"Professionnels de musique et reconnus par leur pairs, Benjamin Alunni, Marine Thoreau La Salle et Lydia Shelley sont des artistes accomplis","breadcrumb":{"@id":"https:\/\/confluences-melodie.com\/index.php\/en\/the-artists\/#breadcrumb"},"inLanguage":"fr-FR","potentialAction":[{"@type":"ReadAction","target":["https:\/\/confluences-melodie.com\/index.php\/en\/the-artists\/"]}]},{"@type":"BreadcrumbList","@id":"https:\/\/confluences-melodie.com\/index.php\/en\/the-artists\/#breadcrumb","itemListElement":[{"@type":"ListItem","position":1,"name":"Accueil","item":"https:\/\/confluences-melodie.com\/"},{"@type":"ListItem","position":2,"name":"The Artists"}]},{"@type":"WebSite","@id":"https:\/\/confluences-melodie.com\/#website","url":"https:\/\/confluences-melodie.com\/","name":"Confluences","description":"R\u00e9cital pour T\u00e9nor, violoncelle et piano","potentialAction":[{"@type":"SearchAction","target":{"@type":"EntryPoint","urlTemplate":"https:\/\/confluences-melodie.com\/?s={search_term_string}"},"query-input":{"@type":"PropertyValueSpecification","valueRequired":true,"valueName":"search_term_string"}}],"inLanguage":"fr-FR"}]}},"_links":{"self":[{"href":"https:\/\/confluences-melodie.com\/index.php\/wp-json\/wp\/v2\/pages\/1600"}],"collection":[{"href":"https:\/\/confluences-melodie.com\/index.php\/wp-json\/wp\/v2\/pages"}],"about":[{"href":"https:\/\/confluences-melodie.com\/index.php\/wp-json\/wp\/v2\/types\/page"}],"author":[{"embeddable":true,"href":"https:\/\/confluences-melodie.com\/index.php\/wp-json\/wp\/v2\/users\/1"}],"replies":[{"embeddable":true,"href":"https:\/\/confluences-melodie.com\/index.php\/wp-json\/wp\/v2\/comments?post=1600"}],"version-history":[{"count":3,"href":"https:\/\/confluences-melodie.com\/index.php\/wp-json\/wp\/v2\/pages\/1600\/revisions"}],"predecessor-version":[{"id":1782,"href":"https:\/\/confluences-melodie.com\/index.php\/wp-json\/wp\/v2\/pages\/1600\/revisions\/1782"}],"wp:attachment":[{"href":"https:\/\/confluences-melodie.com\/index.php\/wp-json\/wp\/v2\/media?parent=1600"}],"curies":[{"name":"wp","href":"https:\/\/api.w.org\/{rel}","templated":true}]}}