{"id":660,"date":"2017-10-31T14:49:06","date_gmt":"2017-10-31T13:49:06","guid":{"rendered":"https:\/\/confluences-melodie.com\/?page_id=660"},"modified":"2017-11-28T11:17:21","modified_gmt":"2017-11-28T10:17:21","slug":"mentions-legales","status":"publish","type":"page","link":"https:\/\/confluences-melodie.com\/index.php\/mentions-legales\/","title":{"rendered":"Mentions l\u00e9gales"},"content":{"rendered":"<p>[et_pb_section fb_built=\u00a0\u00bb1&Prime; _builder_version=\u00a0\u00bb3.0.47&Prime;][et_pb_row custom_padding=\u00a0\u00bb80px|0px|0px|0px\u00a0\u00bb _builder_version=\u00a0\u00bb3.0.47&Prime; background_size=\u00a0\u00bbinitial\u00a0\u00bb background_position=\u00a0\u00bbtop_left\u00a0\u00bb background_repeat=\u00a0\u00bbrepeat\u00a0\u00bb _i=\u00a0\u00bb0&Prime; _address=\u00a0\u00bb0.0&Prime;][et_pb_column type=\u00a0\u00bb4_4&Prime; _builder_version=\u00a0\u00bb3.0.47&Prime; parallax=\u00a0\u00bboff\u00a0\u00bb parallax_method=\u00a0\u00bbon\u00a0\u00bb][et_pb_text _builder_version=\u00a0\u00bb3.0.82&Prime;]<\/p>\n<h1 class=\"entry-title main_title\">Mentions L\u00e9gales<\/h1>\n<p>[\/et_pb_text][\/et_pb_column][\/et_pb_row][et_pb_row custom_padding=\u00a0\u00bb25px|0px|80px|0px\u00a0\u00bb _builder_version=\u00a0\u00bb3.0.47&Prime; background_size=\u00a0\u00bbinitial\u00a0\u00bb background_position=\u00a0\u00bbtop_left\u00a0\u00bb background_repeat=\u00a0\u00bbrepeat\u00a0\u00bb _i=\u00a0\u00bb1&Prime; _address=\u00a0\u00bb0.1&Prime;][et_pb_column type=\u00a0\u00bb4_4&Prime; _builder_version=\u00a0\u00bb3.0.47&Prime; parallax=\u00a0\u00bboff\u00a0\u00bb parallax_method=\u00a0\u00bbon\u00a0\u00bb][et_pb_text _builder_version=\u00a0\u00bb3.0.82&Prime;]<\/p>\n<div id=\"offre\">\n<h3>Direction de la publication :<\/h3>\n<\/div>\n<div id=\"one\">\n<div id=\"centreoffre\">\n<div align=\"justify\">\n<p>Chant de Linos &#8211; Pr\u00e9sident William Kadoush-Chassaing &#8211; 115 Boulevard de Montparnasse 75 006 Paris<\/p>\n<h3>H\u00e9bergement :<\/h3>\n<p>OVH,\u00a0SAS au capital de 10\u00a0059\u00a0500\u00a0\u20ac,\u00a02 rue Kellermann \u2013 59100 Roubaix \u2013 France.<\/p>\n<h3>Conception et r\u00e9alisation :<\/h3>\n<p><a href=\"http:\/\/www.keeewin.com\/\">Agence Keeewin<\/a><\/p>\n<\/div>\n<\/div>\n<div id=\"header\">\n<h3 align=\"left\">Collecte de donn\u00e9es :<\/h3>\n<\/div>\n<div id=\"centreoffre\">\n<p align=\"justify\">Dans le respect des lois internationales en vigueur, l\u2019agence Keeewin ne collecte aucune information personnelle d\u2019aucune sorte.<\/p>\n<h3 align=\"justify\">Cr\u00e9dit Photo :<\/h3>\n<p align=\"justify\"><span class=\"m_7825159781774543740gmail-s1\">\u00a9 M.Magliocca \/\u00a0<\/span>\u00a9Cindy Doutres \/\u00a0\u00a9 Desforges \/ \u00a9MarionBidaud \/<span class=\"m_7825159781774543740gmail-s1\">\u00a0\u00a9AntoineF<span class=\"m_7825159781774543740gmail-Apple-converted-space\">\u00a0\/<\/span><\/span>\u00a0\u00a9 Gilles Abegg &#8211; Op\u00e9ra de Dijon<\/p>\n<\/div>\n<\/div>\n<p>[\/et_pb_text][\/et_pb_column][\/et_pb_row][\/et_pb_section]<\/p>\n","protected":false},"excerpt":{"rendered":"<p>Mentions l\u00e9gales li\u00e9es \u00e0 la cr\u00e9ation, au d\u00e9veloppement et \u00e0 l&rsquo;utilisation de la plateforme internet www.confluences-melodie.com<\/p>\n","protected":false},"author":1,"featured_media":0,"parent":0,"menu_order":0,"comment_status":"closed","ping_status":"closed","template":"","meta":{"_et_pb_use_builder":"on","_et_pb_old_content":"","_et_gb_content_width":"","footnotes":""},"class_list":["post-660","page","type-page","status-publish","hentry"],"yoast_head":"<!-- This site is optimized with the Yoast SEO plugin v25.6 - https:\/\/yoast.com\/wordpress\/plugins\/seo\/ -->\n<title>Mentions l\u00e9gales - Site du concert de Confluence{s}<\/title>\n<meta name=\"description\" content=\"Mentions l\u00e9gales li\u00e9es \u00e0 la cr\u00e9ation, au d\u00e9veloppement et \u00e0 l&#039;utilisation de la plateforme internet www.confluences-melodie.com\" \/>\n<meta name=\"robots\" content=\"index, follow, max-snippet:-1, max-image-preview:large, max-video-preview:-1\" \/>\n<link rel=\"canonical\" href=\"https:\/\/confluences-melodie.com\/index.php\/mentions-legales\/\" \/>\n<meta property=\"og:locale\" content=\"fr_FR\" \/>\n<meta property=\"og:type\" content=\"article\" \/>\n<meta property=\"og:title\" content=\"Mentions l\u00e9gales - Site du concert de Confluence{s}\" \/>\n<meta property=\"og:description\" content=\"Mentions l\u00e9gales li\u00e9es \u00e0 la cr\u00e9ation, au d\u00e9veloppement et \u00e0 l&#039;utilisation de la plateforme internet www.confluences-melodie.com\" \/>\n<meta property=\"og:url\" content=\"https:\/\/confluences-melodie.com\/index.php\/mentions-legales\/\" \/>\n<meta property=\"og:site_name\" content=\"Confluences\" \/>\n<meta property=\"article:modified_time\" content=\"2017-11-28T10:17:21+00:00\" \/>\n<meta name=\"twitter:card\" content=\"summary_large_image\" \/>\n<meta name=\"twitter:label1\" content=\"Dur\u00e9e de lecture estim\u00e9e\" \/>\n\t<meta name=\"twitter:data1\" content=\"1 minute\" \/>\n<script type=\"application\/ld+json\" class=\"yoast-schema-graph\">{\"@context\":\"https:\/\/schema.org\",\"@graph\":[{\"@type\":\"WebPage\",\"@id\":\"https:\/\/confluences-melodie.com\/index.php\/mentions-legales\/\",\"url\":\"https:\/\/confluences-melodie.com\/index.php\/mentions-legales\/\",\"name\":\"Mentions l\u00e9gales - Site du concert de Confluence{s}\",\"isPartOf\":{\"@id\":\"https:\/\/confluences-melodie.com\/#website\"},\"datePublished\":\"2017-10-31T13:49:06+00:00\",\"dateModified\":\"2017-11-28T10:17:21+00:00\",\"description\":\"Mentions l\u00e9gales li\u00e9es \u00e0 la cr\u00e9ation, au d\u00e9veloppement et \u00e0 l'utilisation de la plateforme internet www.confluences-melodie.com\",\"breadcrumb\":{\"@id\":\"https:\/\/confluences-melodie.com\/index.php\/mentions-legales\/#breadcrumb\"},\"inLanguage\":\"fr-FR\",\"potentialAction\":[{\"@type\":\"ReadAction\",\"target\":[\"https:\/\/confluences-melodie.com\/index.php\/mentions-legales\/\"]}]},{\"@type\":\"BreadcrumbList\",\"@id\":\"https:\/\/confluences-melodie.com\/index.php\/mentions-legales\/#breadcrumb\",\"itemListElement\":[{\"@type\":\"ListItem\",\"position\":1,\"name\":\"Accueil\",\"item\":\"https:\/\/confluences-melodie.com\/\"},{\"@type\":\"ListItem\",\"position\":2,\"name\":\"Mentions l\u00e9gales\"}]},{\"@type\":\"WebSite\",\"@id\":\"https:\/\/confluences-melodie.com\/#website\",\"url\":\"https:\/\/confluences-melodie.com\/\",\"name\":\"Confluences\",\"description\":\"R\u00e9cital pour T\u00e9nor, violoncelle et piano\",\"potentialAction\":[{\"@type\":\"SearchAction\",\"target\":{\"@type\":\"EntryPoint\",\"urlTemplate\":\"https:\/\/confluences-melodie.com\/?s={search_term_string}\"},\"query-input\":{\"@type\":\"PropertyValueSpecification\",\"valueRequired\":true,\"valueName\":\"search_term_string\"}}],\"inLanguage\":\"fr-FR\"}]}<\/script>\n<!-- \/ Yoast SEO plugin. -->","yoast_head_json":{"title":"Mentions l\u00e9gales - Site du concert de Confluence{s}","description":"Mentions l\u00e9gales li\u00e9es \u00e0 la cr\u00e9ation, au d\u00e9veloppement et \u00e0 l'utilisation de la plateforme internet www.confluences-melodie.com","robots":{"index":"index","follow":"follow","max-snippet":"max-snippet:-1","max-image-preview":"max-image-preview:large","max-video-preview":"max-video-preview:-1"},"canonical":"https:\/\/confluences-melodie.com\/index.php\/mentions-legales\/","og_locale":"fr_FR","og_type":"article","og_title":"Mentions l\u00e9gales - Site du concert de Confluence{s}","og_description":"Mentions l\u00e9gales li\u00e9es \u00e0 la cr\u00e9ation, au d\u00e9veloppement et \u00e0 l'utilisation de la plateforme internet www.confluences-melodie.com","og_url":"https:\/\/confluences-melodie.com\/index.php\/mentions-legales\/","og_site_name":"Confluences","article_modified_time":"2017-11-28T10:17:21+00:00","twitter_card":"summary_large_image","twitter_misc":{"Dur\u00e9e de lecture estim\u00e9e":"1 minute"},"schema":{"@context":"https:\/\/schema.org","@graph":[{"@type":"WebPage","@id":"https:\/\/confluences-melodie.com\/index.php\/mentions-legales\/","url":"https:\/\/confluences-melodie.com\/index.php\/mentions-legales\/","name":"Mentions l\u00e9gales - Site du concert de Confluence{s}","isPartOf":{"@id":"https:\/\/confluences-melodie.com\/#website"},"datePublished":"2017-10-31T13:49:06+00:00","dateModified":"2017-11-28T10:17:21+00:00","description":"Mentions l\u00e9gales li\u00e9es \u00e0 la cr\u00e9ation, au d\u00e9veloppement et \u00e0 l'utilisation de la plateforme internet www.confluences-melodie.com","breadcrumb":{"@id":"https:\/\/confluences-melodie.com\/index.php\/mentions-legales\/#breadcrumb"},"inLanguage":"fr-FR","potentialAction":[{"@type":"ReadAction","target":["https:\/\/confluences-melodie.com\/index.php\/mentions-legales\/"]}]},{"@type":"BreadcrumbList","@id":"https:\/\/confluences-melodie.com\/index.php\/mentions-legales\/#breadcrumb","itemListElement":[{"@type":"ListItem","position":1,"name":"Accueil","item":"https:\/\/confluences-melodie.com\/"},{"@type":"ListItem","position":2,"name":"Mentions l\u00e9gales"}]},{"@type":"WebSite","@id":"https:\/\/confluences-melodie.com\/#website","url":"https:\/\/confluences-melodie.com\/","name":"Confluences","description":"R\u00e9cital pour T\u00e9nor, violoncelle et piano","potentialAction":[{"@type":"SearchAction","target":{"@type":"EntryPoint","urlTemplate":"https:\/\/confluences-melodie.com\/?s={search_term_string}"},"query-input":{"@type":"PropertyValueSpecification","valueRequired":true,"valueName":"search_term_string"}}],"inLanguage":"fr-FR"}]}},"_links":{"self":[{"href":"https:\/\/confluences-melodie.com\/index.php\/wp-json\/wp\/v2\/pages\/660"}],"collection":[{"href":"https:\/\/confluences-melodie.com\/index.php\/wp-json\/wp\/v2\/pages"}],"about":[{"href":"https:\/\/confluences-melodie.com\/index.php\/wp-json\/wp\/v2\/types\/page"}],"author":[{"embeddable":true,"href":"https:\/\/confluences-melodie.com\/index.php\/wp-json\/wp\/v2\/users\/1"}],"replies":[{"embeddable":true,"href":"https:\/\/confluences-melodie.com\/index.php\/wp-json\/wp\/v2\/comments?post=660"}],"version-history":[{"count":6,"href":"https:\/\/confluences-melodie.com\/index.php\/wp-json\/wp\/v2\/pages\/660\/revisions"}],"predecessor-version":[{"id":1003,"href":"https:\/\/confluences-melodie.com\/index.php\/wp-json\/wp\/v2\/pages\/660\/revisions\/1003"}],"wp:attachment":[{"href":"https:\/\/confluences-melodie.com\/index.php\/wp-json\/wp\/v2\/media?parent=660"}],"curies":[{"name":"wp","href":"https:\/\/api.w.org\/{rel}","templated":true}]}}